-40301?
39268
In base 5, what is -112 + -142343?
-143010
In base 15, what is -4d - 42d56?
-42da4
In base 16, what is -5fcacfb + -4?
-5fcacff
In base 14, what is 15bc4c3 + -4?
15bc4bd
In base 7, what is 563 - -2341?
3234
In base 12, what is -2 - 812a54?
-812a56
In base 16, what is -4 - -cd9057?
cd9053
In base 9, what is 127 - -41113?
41241
In base 12, what is -171 + -344164?
-344315
In base 5, what is -301033 + 323141?
22103
In base 9, what is -4136 - -2045?
-2081
In base 14, what is 7b9 + 2ca94?
2d46d
In base 2, what is 1100111100 - -100110111001101?
101000100001001
In base 10, what is 49 - 6566159?
-6566110
In base 15, what is 14 - 23d7d58?
-23d7d44
In base 5, what is -243004342 - -42?
-243004300
In base 2, what is 110010000100010111101 + -11?
110010000100010111010
In base 6, what is -5 - 53454442?
-53454451
In base 12, what is 171 - 19159?
-18ba8
In base 10, what is -1253547 - -10?
-1253537
In base 15, what is -21d + 4664?
4446
In base 12, what is -16 + 197744?
19772a
In base 2, what is -110010100010001 - 10100000001?
-110101000010010
In base 4, what is 1302013223200 + -11?
1302013223123
In base 13, what is 42 - 49320?
-492ab
In base 8, what is 124 - 14353?
-14227
In base 5, what is -24324033 + -4124?
-24333212
In base 5, what is -204 - 3424233?
-3424442
In base 15, what is -9a1 - -3ad6?
3135
In base 11, what is 16a4 - -304?
19a8
In base 5, what is -1121403 - -1102211?
-14142
In base 12, what is 4518520 - -16?
4518536
In base 9, what is -1 + -1155100?
-1155101
In base 3, what is 1222221211000010020 - 11?
1222221211000010002
In base 11, what is 2 - 132a07665?
-132a07663
In base 9, what is -3265146 - 18?
-3265165
In base 12, what is -51a800 + -aa?
-51a8aa
In base 6, what is 1351232201 - 1?
1351232200
In base 8, what is -5 - 35026241?
-35026246
In base 11, what is 3817 - -34a79?
38795
In base 6, what is 424 + -5110554?
-5110130
In base 4, what is -12122002 - -13202110?
1020102
In base 11, what is 5a + 53845?
538a4
In base 14, what is 3b737a2 - -10?
3b737b2
In base 4, what is -1121220022 - -301113?
-1120312303
In base 5, what is 23 - 23040212?
-23040134
In base 2, what is 10011010011011100010 - -101110000?
10011010100001010010
In base 8, what is 465262 - 11703?
453357
In base 14, what is -47cc - -ca9?
-3923
In base 11, what is -173099029 + 5?
-173099024
In base 11, what is -1479538a8 - -1?
-1479538a7
In base 4, what is 223210 - -10030?
233300
In base 13, what is 1 + -1470b20?
-1470b1c
In base 2, what is -100 + -111101010001100101111?
-111101010001100110011
In base 12, what is -113 - -17394?
17281
In base 12, what is -3bb - 111a99?
-112298
In base 2, what is 10110111101000011 + 1010001100?
10111000111001111
In base 9, what is -1 + 6138280?
6138278
In base 4, what is 10 + 11231331302201?
11231331302211
In base 2, what is -1110100110001101000111000 - 100?
-1110100110001101000111100
In base 15, what is 37b + 6973?
6cee
In base 3, what is -2000100222102020202 - 10?
-2000100222102020212
In base 15, what is -d29a6 - 63?
-d2a19
In base 14, what is -3651d + -926?
-37045
In base 11, what is 31a97a + 23?
31a9a2
In base 16, what is -20a1c - -ab?
-20971
In base 16, what is -11 - a5561?
-a5572
In base 11, what is 7a - -3a684?
3a753
In base 10, what is -4468718 - 4?
-4468722
In base 5, what is 341434240 + 11?
341434301
In base 3, what is 1112 + -201002011212221?
-201002011211102
In base 4, what is -2033221333 - 2?
-2033222001
In base 13, what is 2 + -10c63a8?
-10c63a6
In base 3, what is -121022020200202 + 11?
-121022020200121
In base 7, what is -543346605 + -11?
-543346616
In base 10, what is 16170 + 1736?
17906
In base 15, what is -17 - -1eb41dd?
1eb41c6
In base 9, what is 548 + 2151?
2710
In base 16, what is ba738 - -1a?
ba752
In base 7, what is -556050 + 64?
-555653
In base 13, what is -4 + -44a7a8?
-44a7ac
In base 16, what is -5 + -f934b3?
-f934b8
In base 10, what is -88253826 - -3?
-88253823
In base 5, what is 3144342 - -1020?
3200412
In base 10, what is -6 + 55554982?
55554976
In base 12, what is 2436589 + 1?
243658a
In base 16, what is -3 - 1d4fa6?
-1d4fa9
In base 12, what is -80 - -14147?
14087
In base 6, what is 12 - 15344543?
-15344531
In base 12, what is 54 + -6439b?
-64347
In base 3, what is 10101 - 2220002202?
-2212222101
In base 4, what is 1 - -2130130303?
2130130310
In base 14, what is 3d22a5 + -1?
3d22a4
In base 3, what is -20011200102000 + 111?
-20011200101112
In base 8, what is 1336 - -3762?
5320
In base 15, what is -33deee + 91?
-33de5d
In base 15, what is e6 - -500cd?
501c4
In base 14, what is -2 + 390c26?
390c24
In base 6, what is 1 + -13314115053?
-13314115052
In base 3, what is -210002100022210 - -10?
-210002100022200
In base 9, what is 36744341 - 0?
36744341
In base 15, what is -bb17a - 4c?
-bb1c7
In base 3, what is 101 - 1012112010102110?
-1012112010102002
In base 11, what is -129 + -21828?
-21956
In base 11, what is -591521 + 237?
-591295
In base 6, what is 523220532 + -5?
523220523
In base 7, what is -105324 - -3115?
-102206
In base 6, what is -30022 - 5154202?
-5224224
In base 11, what is -5 + -12548a9?
-1254903
In base 8, what is -10726 + -70465?
-101413
In base 10, what is -8794 + -2291?
-11085
In base 12, what is -32a - -564a?
5320
In base 2, what is -10000 - 10001100110000110011100001?
-10001100110000110011110001
In base 11, what is 0 - -a25749a?
a25749a
In base 12, what is 5 + 817416?
81741b
In base 14, what is -1221b1ac - 0?
-1221b1ac
In base 12, what is 330b79 + 0?
330b79
In base 4, what is -23010320 + -1113?
-23012033
In base 6, what is -4054100225 + -5?
-4054100234
In base 11, what is -152364a41 + 3?
-152364a39
In base 11, what is -1097a534 + 2?
-1097a532
In base 6, what is -530312440 - 13?
-530312453
In base 11, what is -5414215 + 3?
-5414212
In base 10, what is 9032 - -50466?
59498
In base 15, what is cb252 + 36?
cb288
In base 3, what is -2 + 200020221110111102?
200020221110111100
In base 10, what is -9294 - 410?
-9704
In base 3, what is -2022 + -22012000110?
-22012002202
In base 6, what is 442115 + -105554?
332121
In base 10, what is 8 - -125549?
125557
In base 14, what is 368d - 4a2?
31cb
In base 8, what is 157552776 - -5?
157553003
In base 10, what is -2041753 - -102?
-2041651
In base 15, what is -4113d0e + 10?
-4113cee
In base 5, what is -2 - -104042124?
104042122
In base 8, what is -151642663 + -7?
-151642672
In base 15, what is -4ec8c + 1a?
-4ec72
In base 5, what is 132244 - 1031?
131213
In base 8, what is -112303 - -2174?
-110107
In base 6, what is 2134321 + -204?
2134113
In base 11, what is -35020148 - 3?
-35020150
In base 12, what is 1 + b56b0a?
b56b0b
In base 3, what is -1202210012 + 112200?
-1202020112
In base 13, what is -3832 + bc97?
8465
In base 13, what is -4b320ac3 - 4?
-4b320ac7
In base 11, what is -65 + 16a0735?
16a0680
In base 3, what is -20 - 110012012?
-110012102
In base 7, what is 1326261 - 403?
1325555
In base 11, what is 4779a - -1423?
49112
In base 10, what is -280 - 1007053?
-1007333
In base 10, what is 16679 + -8511?
8168
In base 4, what is 10002121 - 13132203?
-3130022
In base 10, what is -30 - 660708?
-660738
In base 16, what is -c92 + -af5?
-1787
In base 11, what is -4 - 1320826?
-132082a
In base 6, what is 453 - 1110450?
-1105553
In base 5, what is 4 - -1103313020?
1103313024
In base 5, what is -1230 + 3203431?
3202201
In base 2, what is 1101001 - -1010000011010011?
1010000100111100
In base 3, what is 201 - -10012201220211?
10012201221112
In base 14, what is 4c21b18 - -3?
4c21b1b
In base 7, what is 32326 - -5431?
41060
In base 2, what is -111 + 11011010110010101001?
11011010110010100010
In base 8, what is -11760533 + 6?
-11760525
In base 10, what is -2034 - -3890?
1856
In base 7, what is 2 - -1204613154?
1204613156
In base 5, what is 32330312 - -10400?
32341212
In base 12, what is -430 + -3467?
-3897
In base 6, what is -22310 + -15411?
-42121
In base 12, what is -6 - 32095410?
-32095416
In base 6, what is 10 + 12030005502?
12030005512
In base 5, what is -202 - 1030124111?
-1030124313
In base 9, what is 28 + 207165?
207204
In base 2, what is -101011001101111001110110 + 100?
-101011001101111001110010
In base 5, what is 110334213434 - 1?
110334213433
In base 12, what is 362243 - 30?
362213
In base 7, what is -316021342 - 10?
-316021352
In base 11, what is -158 - 2309723?
-2309880
In base 7